{"id":1798,"date":"2025-06-17T20:34:29","date_gmt":"2025-06-17T20:34:29","guid":{"rendered":"https:\/\/xn--gasgerte-kundendienst-b2b.at\/?page_id=1798"},"modified":"2026-01-21T15:23:09","modified_gmt":"2026-01-21T15:23:09","slug":"abflussverstopfung","status":"publish","type":"page","link":"https:\/\/xn--gasgerte-kundendienst-b2b.at\/?page_id=1798","title":{"rendered":"Abflussverstopfung"},"content":{"rendered":"<h1>Abflussverstopfung in Wien?<\/h1>\n<p data-start=\"505\" data-end=\"601\">Gasger\u00e4te Kundendienst hilft sofort \u2013 schnell, sauber, zuverl\u00e4ssig!<\/p>\n<p data-start=\"603\" data-end=\"1043\">Ein verstopfter Abfluss geh\u00f6rt zu den h\u00e4ufigsten, aber auch unangenehmsten Problemen im Haushalt \u2013 ob im WC, in der K\u00fcche, im Bad oder im Keller. Wenn das Wasser nicht mehr richtig abl\u00e4uft, ist schnelles Handeln gefragt. Genau hier kommt <b>Gasger\u00e4te Kundendienst<\/b>\u00a0ins Spiel: <strong style=\"color: #ffffff;\" data-start=\"868\" data-end=\"953\">Mit modernster Ausr\u00fcstung, geschultem Personal und 24-Stunden-Einsatzbereitschaft<\/strong> l\u00f6sen wir jede Abflussverstopfung schnell und gr\u00fcndlich \u2013 und das ohne versteckte Kosten.<\/p>\n<p>\t\t\t\t\t<a href=\"tel:+43%201%204420408\"><br \/>\n\t\t\t\t\t\t\t\t\t+43 1 4420408<br \/>\n\t\t\t\t\t<\/a><br \/>\n\t\t\t\t\t\t\t\t\t\t\t\t\t\t\t<img loading=\"lazy\" decoding=\"async\" width=\"93\" height=\"42\" src=\"https:\/\/xn--gasgerte-kundendienst-b2b.at\/wp-content\/uploads\/2025\/06\/Group-1171274789.png\" alt=\"\" \/><br \/>\n\t\t\t\t\t140K+<br \/>\n\t\t\t\t\tZufriedene Kunden<br \/>\n\t\t\tJahrelange Erfahrung<br \/>\n\t\t\t\t0<br \/>\n\t\t\t\t+<br \/>\n\t\t\tKunden weltweit<br \/>\n\t\t\t\t0<br \/>\n\t\t\t\tk<\/p>\n<h4>\n\t\t\t\tInhaltsverzeichnis\t\t\t<\/h4>\n<p>\t\t\t\t\t\t\t<svg aria-hidden=\"true\" viewBox=\"0 0 448 512\" xmlns=\"http:\/\/www.w3.org\/2000\/svg\"><path d=\"M207.029 381.476L12.686 187.132c-9.373-9.373-9.373-24.569 0-33.941l22.667-22.667c9.357-9.357 24.522-9.375 33.901-.04L224 284.505l154.745-154.021c9.379-9.335 24.544-9.317 33.901.04l22.667 22.667c9.373 9.373 9.373 24.569 0 33.941L240.971 381.476c-9.373 9.372-24.569 9.372-33.942 0z\"><\/path><\/svg><br \/>\n\t\t\t\t<svg aria-hidden=\"true\" viewBox=\"0 0 448 512\" xmlns=\"http:\/\/www.w3.org\/2000\/svg\"><path d=\"M240.971 130.524l194.343 194.343c9.373 9.373 9.373 24.569 0 33.941l-22.667 22.667c-9.357 9.357-24.522 9.375-33.901.04L224 227.495 69.255 381.516c-9.379 9.335-24.544 9.317-33.901-.04l-22.667-22.667c-9.373-9.373-9.373-24.569 0-33.941L207.03 130.525c9.372-9.373 24.568-9.373 33.941-.001z\"><\/path><\/svg><br \/>\n\t\t\t\t<svg aria-hidden=\"true\" viewBox=\"0 0 1000 1000\" xmlns=\"http:\/\/www.w3.org\/2000\/svg\"><path d=\"M500 975V858C696 858 858 696 858 500S696 142 500 142 142 304 142 500H25C25 237 238 25 500 25S975 237 975 500 763 975 500 975Z\"><\/path><\/svg><br \/>\n\t\t\t\t\t\t\t\t\t\t\t\t\t\t\t<img loading=\"lazy\" decoding=\"async\" width=\"600\" height=\"781\" src=\"https:\/\/xn--gasgerte-kundendienst-b2b.at\/wp-content\/uploads\/2021\/11\/project-1.jpg\" alt=\"\" srcset=\"https:\/\/xn--gasgerte-kundendienst-b2b.at\/wp-content\/uploads\/2021\/11\/project-1.jpg 600w, https:\/\/xn--gasgerte-kundendienst-b2b.at\/wp-content\/uploads\/2021\/11\/project-1-115x150.jpg 115w, https:\/\/xn--gasgerte-kundendienst-b2b.at\/wp-content\/uploads\/2021\/11\/project-1-230x300.jpg 230w\" sizes=\"auto, (max-width: 600px) 100vw, 600px\" \/><br \/>\n\t\t\t\t\t24\/7-Dienste\t\t\t\t<\/p>\n<h2>24h-Notdienst bei Abflussverstopfung \u2013 schnell, zuverl\u00e4ssig &amp; fair.<br \/>\n<\/h2>\n<p data-start=\"1953\" data-end=\"2140\">Wenn das Wasser nicht mehr abl\u00e4uft, z\u00e4hlt jede Minute: Gurgelnde Ger\u00e4usche, unangenehme Ger\u00fcche und ein R\u00fcckstau im Waschbecken oder WC sind klare Zeichen \u2013 <strong data-start=\"2110\" data-end=\"2139\">Ihr Abfluss ist verstopft<\/strong>.<\/p>\n<p data-start=\"2142\" data-end=\"2405\">Mit Gasger\u00e4te Kundendienst\u00a0haben Sie einen erfahrenen Profi an Ihrer Seite. Wir sind in ganz <strong data-start=\"2228\" data-end=\"2273\">Wien, Nieder\u00f6sterreich und dem Burgenland<\/strong> f\u00fcr Sie im Einsatz \u2013 schnell vor Ort, ausgestattet mit modernster Technik und einem Ziel: <strong data-start=\"2364\" data-end=\"2405\">Ihre Verstopfung nachhaltig zu l\u00f6sen.<\/strong><\/p>\n<p>\t\t\t\t\t<a href=\"https:\/\/antiquewhite-capybara-684200.hostingersite.com\/#contact\" target=\"_blank\" rel=\"noopener\"><br \/>\n\t\t\t\t<svg aria-hidden=\"true\" viewBox=\"0 0 384 512\" xmlns=\"http:\/\/www.w3.org\/2000\/svg\"><path d=\"M288 248v28c0 6.6-5.4 12-12 12H108c-6.6 0-12-5.4-12-12v-28c0-6.6 5.4-12 12-12h168c6.6 0 12 5.4 12 12zm-12 72H108c-6.6 0-12 5.4-12 12v28c0 6.6 5.4 12 12 12h168c6.6 0 12-5.4 12-12v-28c0-6.6-5.4-12-12-12zm108-188.1V464c0 26.5-21.5 48-48 48H48c-26.5 0-48-21.5-48-48V48C0 21.5 21.5 0 48 0h204.1C264.8 0 277 5.1 286 14.1L369.9 98c9 8.9 14.1 21.2 14.1 33.9zm-128-80V128h76.1L256 51.9zM336 464V176H232c-13.3 0-24-10.7-24-24V48H48v416h288z\"><\/path><\/svg><br \/>\n\t\t\t\t\t\t\t\t\tJetzt anfragen<br \/>\n\t\t\t\t\t<\/a><br \/>\n\t\t\t\t\t<a href=\"tel:+43%201%204420408\"><br \/>\n\t\t\t\t\t\t\t\t\t+43 1 4420408<br \/>\n\t\t\t\t\t<\/a><br \/>\n\t\t\t\t\t\t\t\t\t\t\t\t\t\t\t<img loading=\"lazy\" decoding=\"async\" width=\"683\" height=\"1024\" src=\"https:\/\/xn--gasgerte-kundendienst-b2b.at\/wp-content\/uploads\/2025\/06\/13-683x1024.jpg\" alt=\"\" srcset=\"https:\/\/xn--gasgerte-kundendienst-b2b.at\/wp-content\/uploads\/2025\/06\/13-683x1024.jpg 683w, https:\/\/xn--gasgerte-kundendienst-b2b.at\/wp-content\/uploads\/2025\/06\/13-200x300.jpg 200w, https:\/\/xn--gasgerte-kundendienst-b2b.at\/wp-content\/uploads\/2025\/06\/13-768x1152.jpg 768w, https:\/\/xn--gasgerte-kundendienst-b2b.at\/wp-content\/uploads\/2025\/06\/13-600x900.jpg 600w, https:\/\/xn--gasgerte-kundendienst-b2b.at\/wp-content\/uploads\/2025\/06\/13-100x150.jpg 100w, https:\/\/xn--gasgerte-kundendienst-b2b.at\/wp-content\/uploads\/2025\/06\/13.jpg 1024w\" sizes=\"auto, (max-width: 683px) 100vw, 683px\" \/><br \/>\n\t\t\t\t\tDienstleistungen\t\t\t\t<\/p>\n<h2>Unsere Leistung: Mehr als nur ein \u201eRohr frei\u201c<br \/>\n<\/h2>\n<p data-start=\"2956\" data-end=\"3213\"><font color=\"#ffffff\">Wir von Gasger\u00e4te Kundendienst&nbsp;beseitigen Ihre Abflussverstopfung <\/font><strong data-start=\"3011\" data-end=\"3032\" style=\"color: rgb(255, 255, 255);\">nicht nur schnell<\/strong><font color=\"#ffffff\">, sondern auch <\/font><strong data-start=\"3047\" data-end=\"3075\" style=\"color: rgb(255, 255, 255);\">gr\u00fcndlich und nachhaltig<\/strong><font color=\"#ffffff\">. Unsere Techniker analysieren den Grund f\u00fcr die Blockade und verwenden exakt die Methode, die wirklich passt \u2013 ohne Sch\u00e4den, ohne Chemie.<\/font><\/p>\n<p data-start=\"2956\" data-end=\"3213\">\ud83d\udd39 WC-Verstopfung<\/p>\n<p data-start=\"2956\" data-end=\"3213\">\ud83d\udd39 K\u00fcchenverstopfung<\/p>\n<p data-start=\"2956\" data-end=\"3213\">\ud83d\udd39 Dusche, Wanne oder Waschbecken<\/p>\n<p data-start=\"2956\" data-end=\"3213\">\ud83d\udd39 Dachrinne verstopft?<\/p>\n<p>\t\t\t\t\t<a href=\"tel:+43%201%204420408\"><br \/>\n\t\t\t\t\t\t\t\t\t+43 1 4420408<br \/>\n\t\t\t\t\t<\/a><br \/>\n\t\t\t\t\t\t\t\t\t\t\t\t\t\t\t<img loading=\"lazy\" decoding=\"async\" width=\"44\" height=\"44\" src=\"https:\/\/xn--gasgerte-kundendienst-b2b.at\/wp-content\/uploads\/2025\/06\/image-94.png\" alt=\"\" \/><br \/>\n\t\t\t<meta itemprop=\"worstRating\" content=\"0\"><br \/>\n\t\t\t<meta itemprop=\"bestRating\" content=\"5\"><br \/>\n\t\t\t\t\t<svg aria-hidden=\"true\" viewBox=\"0 0 1000 1000\" xmlns=\"http:\/\/www.w3.org\/2000\/svg\"><path d=\"M450 75L338 312 88 350C46 354 25 417 58 450L238 633 196 896C188 942 238 975 275 954L500 837 725 954C767 975 813 942 804 896L763 633 942 450C975 417 954 358 913 350L663 312 550 75C529 33 471 33 450 75Z\"><\/path><\/svg><br \/>\n\t\t\t\t\t<svg aria-hidden=\"true\" viewBox=\"0 0 1000 1000\" xmlns=\"http:\/\/www.w3.org\/2000\/svg\"><path d=\"M450 75L338 312 88 350C46 354 25 417 58 450L238 633 196 896C188 942 238 975 275 954L500 837 725 954C767 975 813 942 804 896L763 633 942 450C975 417 954 358 913 350L663 312 550 75C529 33 471 33 450 75Z\"><\/path><\/svg><br \/>\n\t\t\t\t\t<svg aria-hidden=\"true\" viewBox=\"0 0 1000 1000\" xmlns=\"http:\/\/www.w3.org\/2000\/svg\"><path d=\"M450 75L338 312 88 350C46 354 25 417 58 450L238 633 196 896C188 942 238 975 275 954L500 837 725 954C767 975 813 942 804 896L763 633 942 450C975 417 954 358 913 350L663 312 550 75C529 33 471 33 450 75Z\"><\/path><\/svg><br \/>\n\t\t\t\t\t<svg aria-hidden=\"true\" viewBox=\"0 0 1000 1000\" xmlns=\"http:\/\/www.w3.org\/2000\/svg\"><path d=\"M450 75L338 312 88 350C46 354 25 417 58 450L238 633 196 896C188 942 238 975 275 954L500 837 725 954C767 975 813 942 804 896L763 633 942 450C975 417 954 358 913 350L663 312 550 75C529 33 471 33 450 75Z\"><\/path><\/svg><br \/>\n\t\t\t\t\t<svg aria-hidden=\"true\" viewBox=\"0 0 1000 1000\" xmlns=\"http:\/\/www.w3.org\/2000\/svg\"><path d=\"M450 75L338 312 88 350C46 354 25 417 58 450L238 633 196 896C188 942 238 975 275 954L500 837 725 954C767 975 813 942 804 896L763 633 942 450C975 417 954 358 913 350L663 312 550 75C529 33 471 33 450 75Z\"><\/path><\/svg><br \/>\n\t\t\t\t\t<svg aria-hidden=\"true\" viewBox=\"0 0 1000 1000\" xmlns=\"http:\/\/www.w3.org\/2000\/svg\"><path d=\"M450 75L338 312 88 350C46 354 25 417 58 450L238 633 196 896C188 942 238 975 275 954L500 837 725 954C767 975 813 942 804 896L763 633 942 450C975 417 954 358 913 350L663 312 550 75C529 33 471 33 450 75Z\"><\/path><\/svg><br \/>\n\t\t\t\t\t<svg aria-hidden=\"true\" viewBox=\"0 0 1000 1000\" xmlns=\"http:\/\/www.w3.org\/2000\/svg\"><path d=\"M450 75L338 312 88 350C46 354 25 417 58 450L238 633 196 896C188 942 238 975 275 954L500 837 725 954C767 975 813 942 804 896L763 633 942 450C975 417 954 358 913 350L663 312 550 75C529 33 471 33 450 75Z\"><\/path><\/svg><br \/>\n\t\t\t\t\t<svg aria-hidden=\"true\" viewBox=\"0 0 1000 1000\" xmlns=\"http:\/\/www.w3.org\/2000\/svg\"><path d=\"M450 75L338 312 88 350C46 354 25 417 58 450L238 633 196 896C188 942 238 975 275 954L500 837 725 954C767 975 813 942 804 896L763 633 942 450C975 417 954 358 913 350L663 312 550 75C529 33 471 33 450 75Z\"><\/path><\/svg><br \/>\n\t\t\t\t\t<svg aria-hidden=\"true\" viewBox=\"0 0 1000 1000\" xmlns=\"http:\/\/www.w3.org\/2000\/svg\"><path d=\"M450 75L338 312 88 350C46 354 25 417 58 450L238 633 196 896C188 942 238 975 275 954L500 837 725 954C767 975 813 942 804 896L763 633 942 450C975 417 954 358 913 350L663 312 550 75C529 33 471 33 450 75Z\"><\/path><\/svg><br \/>\n\t\t\t\t\t<svg aria-hidden=\"true\" viewBox=\"0 0 1000 1000\" xmlns=\"http:\/\/www.w3.org\/2000\/svg\"><path d=\"M450 75L338 312 88 350C46 354 25 417 58 450L238 633 196 896C188 942 238 975 275 954L500 837 725 954C767 975 813 942 804 896L763 633 942 450C975 417 954 358 913 350L663 312 550 75C529 33 471 33 450 75Z\"><\/path><\/svg><br \/>\n\t\t\t\t\t4.9 Google Ranking<br \/>\n\t\t\t\t\t\t\t\t\t\t\t\t\t\t\t<img loading=\"lazy\" decoding=\"async\" width=\"1024\" height=\"1024\" src=\"https:\/\/xn--gasgerte-kundendienst-b2b.at\/wp-content\/uploads\/2025\/06\/Untitled-design-1-1024x1024.jpg\" alt=\"\" srcset=\"https:\/\/xn--gasgerte-kundendienst-b2b.at\/wp-content\/uploads\/2025\/06\/Untitled-design-1-1024x1024.jpg 1024w, https:\/\/xn--gasgerte-kundendienst-b2b.at\/wp-content\/uploads\/2025\/06\/Untitled-design-1-300x300.jpg 300w, https:\/\/xn--gasgerte-kundendienst-b2b.at\/wp-content\/uploads\/2025\/06\/Untitled-design-1-150x150.jpg 150w, https:\/\/xn--gasgerte-kundendienst-b2b.at\/wp-content\/uploads\/2025\/06\/Untitled-design-1-768x768.jpg 768w, https:\/\/xn--gasgerte-kundendienst-b2b.at\/wp-content\/uploads\/2025\/06\/Untitled-design-1-600x600.jpg 600w, https:\/\/xn--gasgerte-kundendienst-b2b.at\/wp-content\/uploads\/2025\/06\/Untitled-design-1.jpg 1080w\" sizes=\"auto, (max-width: 1024px) 100vw, 1024px\" \/><br \/>\n\t\t\t\t\tL\u00f6sungen\t\t\t\t<\/p>\n<h2>H\u00e4ufige Probleme \u2013 Wir haben die L\u00f6sung<br \/>\n<\/h2>\n<p>\t\t\t\t<svg aria-hidden=\"true\" viewBox=\"0 0 512 512\" xmlns=\"http:\/\/www.w3.org\/2000\/svg\"><path d=\"M304,320a16,16,0,1,0,16,16A16,16,0,0,0,304,320Zm32-96a16,16,0,1,0,16,16A16,16,0,0,0,336,224Zm32,64a16,16,0,1,0-16-16A16,16,0,0,0,368,288Zm-32,32a16,16,0,1,0-16-16A16,16,0,0,0,336,320Zm-32-64a16,16,0,1,0,16,16A16,16,0,0,0,304,256Zm128-32a16,16,0,1,0-16-16A16,16,0,0,0,432,224Zm-48,16a16,16,0,1,0,16-16A16,16,0,0,0,384,240Zm-16-48a16,16,0,1,0,16,16A16,16,0,0,0,368,192Zm96,32a16,16,0,1,0,16,16A16,16,0,0,0,464,224Zm32-32a16,16,0,1,0,16,16A16,16,0,0,0,496,192Zm-64,64a16,16,0,1,0,16,16A16,16,0,0,0,432,256Zm-32,32a16,16,0,1,0,16,16A16,16,0,0,0,400,288Zm-64,64a16,16,0,1,0,16,16A16,16,0,0,0,336,352Zm-32,32a16,16,0,1,0,16,16A16,16,0,0,0,304,384Zm64-64a16,16,0,1,0,16,16A16,16,0,0,0,368,320Zm21.65-218.35-11.3-11.31a16,16,0,0,0-22.63,0L350.05,96A111.19,111.19,0,0,0,272,64c-19.24,0-37.08,5.3-52.9,13.85l-10-10A121.72,121.72,0,0,0,123.44,32C55.49,31.5,0,92.91,0,160.85V464a16,16,0,0,0,16,16H48a16,16,0,0,0,16-16V158.4c0-30.15,21-58.2,51-61.93a58.38,58.38,0,0,1,48.93,16.67l10,10C165.3,138.92,160,156.76,160,176a111.23,111.23,0,0,0,32,78.05l-5.66,5.67a16,16,0,0,0,0,22.62l11.3,11.31a16,16,0,0,0,22.63,0L389.65,124.28A16,16,0,0,0,389.65,101.65Z\"><\/path><\/svg>\t\t\t\t<\/p>\n<h3>\n\t\t\t\t\t\t\tLangsam ablaufende Dusche?<br \/>\n\t\t\t\t\t<\/h3>\n<p>\n\t\t\t\t\t\tKalk, Haare oder Seifenreste verstopfen oft die Leitungen.<br \/>\n\u27a1\ufe0f Wir reinigen gr\u00fcndlich &amp; chemiefrei.\n\t\t\t\t\t<\/p>\n<p>\t\t\t\t<svg aria-hidden=\"true\" viewBox=\"0 0 384 512\" xmlns=\"http:\/\/www.w3.org\/2000\/svg\"><path d=\"M368 48c8.8 0 16-7.2 16-16V16c0-8.8-7.2-16-16-16H16C7.2 0 0 7.2 0 16v16c0 8.8 7.2 16 16 16h16v156.7C11.8 214.8 0 226.9 0 240c0 67.2 34.6 126.2 86.8 160.5l-21.4 70.2C59.1 491.2 74.5 512 96 512h192c21.5 0 36.9-20.8 30.6-41.3l-21.4-70.2C349.4 366.2 384 307.2 384 240c0-13.1-11.8-25.2-32-35.3V48h16zM80 72c0-4.4 3.6-8 8-8h48c4.4 0 8 3.6 8 8v16c0 4.4-3.6 8-8 8H88c-4.4 0-8-3.6-8-8V72zm112 200c-77.1 0-139.6-14.3-139.6-32s62.5-32 139.6-32 139.6 14.3 139.6 32-62.5 32-139.6 32z\"><\/path><\/svg>\t\t\t\t<\/p>\n<h3>\n\t\t\t\t\t\t\tToilette verstopft?<br \/>\n\t\t\t\t\t<\/h3>\n<p>\n\t\t\t\t\t\tEin klassischer Notfall \u2013 unser Team ist innerhalb 1 Stunde da.<br \/>\n\u27a1\ufe0f WC-Verstopfung? Wir l\u00f6sen sie zuverl\u00e4ssig!\t\t\t\t\t<\/p>\n<p>\t\t\t\t<svg aria-hidden=\"true\" viewBox=\"0 0 512 512\" xmlns=\"http:\/\/www.w3.org\/2000\/svg\"><path d=\"M256 56c110.532 0 200 89.451 200 200 0 110.532-89.451 200-200 200-110.532 0-200-89.451-200-200 0-110.532 89.451-200 200-200m0-48C119.033 8 8 119.033 8 256s111.033 248 248 248 248-111.033 248-248S392.967 8 256 8zm0 168c-44.183 0-80 35.817-80 80s35.817 80 80 80 80-35.817 80-80-35.817-80-80-80z\"><\/path><\/svg>\t\t\t\t<\/p>\n<h3>\n\t\t\t\t\t\t\tDachrinne dicht?<br \/>\n\t\t\t\t\t<\/h3>\n<p>\n\t\t\t\t\t\tBl\u00e4tter &amp; Schmutz behindern den Ablauf \u2013 das Risiko f\u00fcr Wassersch\u00e4den steigt.<br \/>\n\u27a1\ufe0f Dachrinnenreinigung mit Profi-Equipment\t\t\t\t\t<\/p>\n<p>\t\t\t\t\t<a href=\"tel:+43%201%204420408\"><br \/>\n\t\t\t\t\t\t\t\t\t+43 1 4420408<br \/>\n\t\t\t\t\t<\/a><\/p>\n<h2>\ud83d\udcde Jetzt handeln \u2013 bevor es teurer wird!<br \/>\n<\/h2>\n<article dir=\"auto\" data-testid=\"conversation-turn-27\" data-scroll-anchor=\"true\">\n<p>Vereinbaren Sie jetzt Ihren Service- oder Wartungstermin! Das Expertenteam von Gasger\u00e4te-Kundendienst bietet Ihnen schnelle und zuverl\u00e4ssige L\u00f6sungen f\u00fcr Ihre Sanit\u00e4r-, Heizungs- und Notfallbed\u00fcrfnisse. Rufen Sie uns an und sorgen Sie f\u00fcr ein behagliches Zuhause!<\/p>\n<\/article>\n<p>\t\t\t\t\t<a href=\"tel:+43%201%204420408\"><br \/>\n\t\t\t\t\t\t\t\t\t+43 1 4420408<br \/>\n\t\t\t\t\t<\/a><br \/>\n\t\t\t\t\t<a href=\"https:\/\/antiquewhite-capybara-684200.hostingersite.com\/#contact\" target=\"_blank\" rel=\"noopener\"><br \/>\n\t\t\t\t<svg aria-hidden=\"true\" viewBox=\"0 0 384 512\" xmlns=\"http:\/\/www.w3.org\/2000\/svg\"><path d=\"M288 248v28c0 6.6-5.4 12-12 12H108c-6.6 0-12-5.4-12-12v-28c0-6.6 5.4-12 12-12h168c6.6 0 12 5.4 12 12zm-12 72H108c-6.6 0-12 5.4-12 12v28c0 6.6 5.4 12 12 12h168c6.6 0 12-5.4 12-12v-28c0-6.6-5.4-12-12-12zm108-188.1V464c0 26.5-21.5 48-48 48H48c-26.5 0-48-21.5-48-48V48C0 21.5 21.5 0 48 0h204.1C264.8 0 277 5.1 286 14.1L369.9 98c9 8.9 14.1 21.2 14.1 33.9zm-128-80V128h76.1L256 51.9zM336 464V176H232c-13.3 0-24-10.7-24-24V48H48v416h288z\"><\/path><\/svg><br \/>\n\t\t\t\t\t\t\t\t\tJetzt anfragen<br \/>\n\t\t\t\t\t<\/a><\/p>\n","protected":false},"excerpt":{"rendered":"Abflussverstopfung in Wien? Gasger\u00e4te Kundendienst hilft sofort \u2013 schnell, sauber, zuverl\u00e4ssig! Ein verstopfter Abfluss geh\u00f6rt zu den h\u00e4ufigsten, aber auch unangenehmsten Problemen im Haushalt \u2013 ob im WC, in der K\u00fcche, im Bad oder im Keller. Wenn das Wasser nicht mehr richtig abl\u00e4uft, ist schnelles Handeln gefragt. Genau hier kommt Gasger\u00e4te Kundendienst\u00a0ins Spiel: Mit modernster [&hellip;]","protected":false},"author":1,"featured_media":0,"parent":0,"menu_order":0,"comment_status":"closed","ping_status":"closed","template":"elementor_header_footer","meta":{"footnotes":""},"class_list":["post-1798","page","type-page","status-publish","hentry"],"_links":{"self":[{"href":"https:\/\/xn--gasgerte-kundendienst-b2b.at\/index.php?rest_route=\/wp\/v2\/pages\/1798","targetHints":{"allow":["GET"]}}],"collection":[{"href":"https:\/\/xn--gasgerte-kundendienst-b2b.at\/index.php?rest_route=\/wp\/v2\/pages"}],"about":[{"href":"https:\/\/xn--gasgerte-kundendienst-b2b.at\/index.php?rest_route=\/wp\/v2\/types\/page"}],"author":[{"embeddable":true,"href":"https:\/\/xn--gasgerte-kundendienst-b2b.at\/index.php?rest_route=\/wp\/v2\/users\/1"}],"replies":[{"embeddable":true,"href":"https:\/\/xn--gasgerte-kundendienst-b2b.at\/index.php?rest_route=%2Fwp%2Fv2%2Fcomments&post=1798"}],"version-history":[{"count":34,"href":"https:\/\/xn--gasgerte-kundendienst-b2b.at\/index.php?rest_route=\/wp\/v2\/pages\/1798\/revisions"}],"predecessor-version":[{"id":2546,"href":"https:\/\/xn--gasgerte-kundendienst-b2b.at\/index.php?rest_route=\/wp\/v2\/pages\/1798\/revisions\/2546"}],"wp:attachment":[{"href":"https:\/\/xn--gasgerte-kundendienst-b2b.at\/index.php?rest_route=%2Fwp%2Fv2%2Fmedia&parent=1798"}],"curies":[{"name":"wp","href":"https:\/\/api.w.org\/{rel}","templated":true}]}}