{"id":1812,"date":"2025-06-17T20:40:23","date_gmt":"2025-06-17T20:40:23","guid":{"rendered":"https:\/\/xn--gasgerte-kundendienst-b2b.at\/?page_id=1812"},"modified":"2025-12-26T00:35:23","modified_gmt":"2025-12-26T00:35:23","slug":"notdienst-installateur-in-wien-niederosterreich-burgenland","status":"publish","type":"page","link":"https:\/\/xn--gasgerte-kundendienst-b2b.at\/?page_id=1812","title":{"rendered":"24\/7 Notfalldienst"},"content":{"rendered":"<h1>Notdienst Installateur in Wien \u2013 Gasger\u00e4te Kundendienst ist 24\/7 f\u00fcr Sie da<\/h1>\n<p data-start=\"504\" data-end=\"823\">Ob pl\u00f6tzlicher Wasserrohrbruch, undichte Gasleitung oder ausgefallene Heizung \u2013 Gasger\u00e4te Kundendienst\u00a0ist Ihr <strong style=\"color: #ffffff;\" data-start=\"604\" data-end=\"652\">zuverl\u00e4ssiger Installateur-Notdienst in Wien<\/strong>, Nieder\u00f6sterreich und dem Burgenland. Wir sind rund um die Uhr erreichbar \u2013 <strong style=\"color: #ffffff;\" data-start=\"729\" data-end=\"767\">auch an Wochenenden und Feiertagen<\/strong>, mit schneller Reaktionszeit und transparenten Preisen.<\/p>\n<p>\t\t\t\t\t<a href=\"tel:+43%201%204420408\"><br \/>\n\t\t\t\t\t\t\t\t\t+43 1 4420408<br \/>\n\t\t\t\t\t<\/a><br \/>\n\t\t\t\t\t\t\t\t\t\t\t\t\t\t\t<img loading=\"lazy\" decoding=\"async\" width=\"93\" height=\"42\" src=\"https:\/\/xn--gasgerte-kundendienst-b2b.at\/wp-content\/uploads\/2025\/06\/Group-1171274789.png\" alt=\"\" \/><br \/>\n\t\t\t\t\t140K+<br \/>\n\t\t\t\t\tZufriedene Kunden<br \/>\n\t\t\tJahrelange Erfahrung<br \/>\n\t\t\t\t0<br \/>\n\t\t\t\t+<br \/>\n\t\t\tKunden weltweit<br \/>\n\t\t\t\t0<br \/>\n\t\t\t\tk<\/p>\n<h4>\n\t\t\t\tInhaltsverzeichnis\t\t\t<\/h4>\n<p>\t\t\t\t\t\t\t<svg aria-hidden=\"true\" viewBox=\"0 0 448 512\" xmlns=\"http:\/\/www.w3.org\/2000\/svg\"><path d=\"M207.029 381.476L12.686 187.132c-9.373-9.373-9.373-24.569 0-33.941l22.667-22.667c9.357-9.357 24.522-9.375 33.901-.04L224 284.505l154.745-154.021c9.379-9.335 24.544-9.317 33.901.04l22.667 22.667c9.373 9.373 9.373 24.569 0 33.941L240.971 381.476c-9.373 9.372-24.569 9.372-33.942 0z\"><\/path><\/svg><br \/>\n\t\t\t\t<svg aria-hidden=\"true\" viewBox=\"0 0 448 512\" xmlns=\"http:\/\/www.w3.org\/2000\/svg\"><path d=\"M240.971 130.524l194.343 194.343c9.373 9.373 9.373 24.569 0 33.941l-22.667 22.667c-9.357 9.357-24.522 9.375-33.901.04L224 227.495 69.255 381.516c-9.379 9.335-24.544 9.317-33.901-.04l-22.667-22.667c-9.373-9.373-9.373-24.569 0-33.941L207.03 130.525c9.372-9.373 24.568-9.373 33.941-.001z\"><\/path><\/svg><br \/>\n\t\t\t\t<svg aria-hidden=\"true\" viewBox=\"0 0 1000 1000\" xmlns=\"http:\/\/www.w3.org\/2000\/svg\"><path d=\"M500 975V858C696 858 858 696 858 500S696 142 500 142 142 304 142 500H25C25 237 238 25 500 25S975 237 975 500 763 975 500 975Z\"><\/path><\/svg><br \/>\n\t\t\t\t\t\t\t\t\t\t\t\t\t\t\t<img loading=\"lazy\" decoding=\"async\" width=\"1024\" height=\"682\" src=\"https:\/\/xn--gasgerte-kundendienst-b2b.at\/wp-content\/uploads\/2025\/12\/WhatsApp-Image-2025-12-24-at-15.28.48_0dbc55bc-1024x682.jpg\" alt=\"\" srcset=\"https:\/\/xn--gasgerte-kundendienst-b2b.at\/wp-content\/uploads\/2025\/12\/WhatsApp-Image-2025-12-24-at-15.28.48_0dbc55bc-1024x682.jpg 1024w, https:\/\/xn--gasgerte-kundendienst-b2b.at\/wp-content\/uploads\/2025\/12\/WhatsApp-Image-2025-12-24-at-15.28.48_0dbc55bc-300x200.jpg 300w, https:\/\/xn--gasgerte-kundendienst-b2b.at\/wp-content\/uploads\/2025\/12\/WhatsApp-Image-2025-12-24-at-15.28.48_0dbc55bc-768x512.jpg 768w, https:\/\/xn--gasgerte-kundendienst-b2b.at\/wp-content\/uploads\/2025\/12\/WhatsApp-Image-2025-12-24-at-15.28.48_0dbc55bc-600x400.jpg 600w, https:\/\/xn--gasgerte-kundendienst-b2b.at\/wp-content\/uploads\/2025\/12\/WhatsApp-Image-2025-12-24-at-15.28.48_0dbc55bc-150x100.jpg 150w, https:\/\/xn--gasgerte-kundendienst-b2b.at\/wp-content\/uploads\/2025\/12\/WhatsApp-Image-2025-12-24-at-15.28.48_0dbc55bc.jpg 1280w\" sizes=\"auto, (max-width: 1024px) 100vw, 1024px\" \/><br \/>\n\t\t\t\t\tWarum wir\t\t\t\t<\/p>\n<h2>Warum ein Notdienst-Installateur in Wien unverzichtbar ist<br \/>\n<\/h2>\n<p data-start=\"2393\" data-end=\"2728\">Wien ist eine Stadt voller Altbauten, komplexer Rohrsysteme und historischer Heizungsanlagen. Gerade in Notf\u00e4llen ist spezielles Wissen gefragt, um Sch\u00e4den schnell und nachhaltig zu beheben. Ein tropfender Boiler oder ein undichter Gasanschluss kann binnen Minuten gravierende Folgen haben \u2013 f\u00fcr Ihre Immobilie <strong data-start=\"2704\" data-end=\"2727\">und Ihre Sicherheit<\/strong>.<\/p>\n<p data-start=\"2730\" data-end=\"3024\">Viele Probleme treten <strong data-start=\"2752\" data-end=\"2791\">au\u00dferhalb regul\u00e4rer Gesch\u00e4ftszeiten<\/strong> auf. Deshalb ist es entscheidend, einen <strong data-start=\"2832\" data-end=\"2893\">Installateur-Notdienst zu kennen, dem man vertrauen kann.<\/strong> Gasger\u00e4te Kundendienst bietet Ihnen genau das: Schnelle Erreichbarkeit, ortskundige Techniker, moderne Ausr\u00fcstung und ehrliche Kommunikation.<\/p>\n<p>\t\t\t\t\t<a href=\"tel:+43%201%204420408\"><br \/>\n\t\t\t\t<svg aria-hidden=\"true\" viewBox=\"0 0 384 512\" xmlns=\"http:\/\/www.w3.org\/2000\/svg\"><path d=\"M288 248v28c0 6.6-5.4 12-12 12H108c-6.6 0-12-5.4-12-12v-28c0-6.6 5.4-12 12-12h168c6.6 0 12 5.4 12 12zm-12 72H108c-6.6 0-12 5.4-12 12v28c0 6.6 5.4 12 12 12h168c6.6 0 12-5.4 12-12v-28c0-6.6-5.4-12-12-12zm108-188.1V464c0 26.5-21.5 48-48 48H48c-26.5 0-48-21.5-48-48V48C0 21.5 21.5 0 48 0h204.1C264.8 0 277 5.1 286 14.1L369.9 98c9 8.9 14.1 21.2 14.1 33.9zm-128-80V128h76.1L256 51.9zM336 464V176H232c-13.3 0-24-10.7-24-24V48H48v416h288z\"><\/path><\/svg><br \/>\n\t\t\t\t\t\t\t\t\tJetzt anfragen<br \/>\n\t\t\t\t\t<\/a><br \/>\n\t\t\t\t\t<a href=\"tel:+43%201%204420408\"><br \/>\n\t\t\t\t\t\t\t\t\t+43 1 4420408<br \/>\n\t\t\t\t\t<\/a><br \/>\n\t\t\t\t\t\t\t\t\t\t\t\t\t\t\t<img loading=\"lazy\" decoding=\"async\" width=\"682\" height=\"1024\" src=\"https:\/\/xn--gasgerte-kundendienst-b2b.at\/wp-content\/uploads\/2025\/12\/WhatsApp-Image-2025-12-23-at-10.32.22-PM-682x1024.jpeg\" alt=\"\" srcset=\"https:\/\/xn--gasgerte-kundendienst-b2b.at\/wp-content\/uploads\/2025\/12\/WhatsApp-Image-2025-12-23-at-10.32.22-PM-682x1024.jpeg 682w, https:\/\/xn--gasgerte-kundendienst-b2b.at\/wp-content\/uploads\/2025\/12\/WhatsApp-Image-2025-12-23-at-10.32.22-PM-200x300.jpeg 200w, https:\/\/xn--gasgerte-kundendienst-b2b.at\/wp-content\/uploads\/2025\/12\/WhatsApp-Image-2025-12-23-at-10.32.22-PM-768x1152.jpeg 768w, https:\/\/xn--gasgerte-kundendienst-b2b.at\/wp-content\/uploads\/2025\/12\/WhatsApp-Image-2025-12-23-at-10.32.22-PM-600x900.jpeg 600w, https:\/\/xn--gasgerte-kundendienst-b2b.at\/wp-content\/uploads\/2025\/12\/WhatsApp-Image-2025-12-23-at-10.32.22-PM-100x150.jpeg 100w, https:\/\/xn--gasgerte-kundendienst-b2b.at\/wp-content\/uploads\/2025\/12\/WhatsApp-Image-2025-12-23-at-10.32.22-PM.jpeg 853w\" sizes=\"auto, (max-width: 682px) 100vw, 682px\" \/><br \/>\n\t\t\t\t\tWartungs-Vorteile\t\t\t\t<\/p>\n<h2>24\/7 Soforthilfe bei Wassersch\u00e4den, Gaslecks und Heizungsausf\u00e4llen<\/h2>\n<p data-start=\"290\" data-end=\"638\">Ein Notfall kennt keine Uhrzeit \u2013 genau deshalb ist unser <strong style=\"color: #ffffff;\" data-start=\"348\" data-end=\"382\">Installateur Notdienst in Wien<\/strong> rund um die Uhr im Einsatz. Egal ob Feiertag, Wochenende oder mitten in der Nacht \u2013\u00a0<b>Gasger\u00e4te Kundendienst<\/b><b style=\"color: #ffffff;\">\u00a0reagiert sofort<\/b>. Unsere Techniker sind geschult, rasch die Ursache zu erkennen und die richtigen Ma\u00dfnahmen einzuleiten, bevor es zu gr\u00f6\u00dferen Sch\u00e4den kommt.<\/p>\n<p data-start=\"640\" data-end=\"664\">Typische Einsatzgebiete:<\/p>\n<ul data-start=\"666\" data-end=\"906\">\n<li data-start=\"666\" data-end=\"703\">\n<p data-start=\"668\" data-end=\"703\"><strong data-start=\"668\" data-end=\"701\">Wasserrohrbruch oder Rohrleck<\/strong><\/p>\n<\/li>\n<li data-start=\"704\" data-end=\"749\">\n<p data-start=\"706\" data-end=\"749\"><strong data-start=\"706\" data-end=\"747\">Gasgeruch oder undichter Gasanschluss<\/strong><\/p>\n<\/li>\n<li data-start=\"750\" data-end=\"809\">\n<p data-start=\"752\" data-end=\"809\"><strong data-start=\"752\" data-end=\"807\">Heizungsst\u00f6rung bei Gas-, \u00d6l- oder Fernw\u00e4rmeanlagen<\/strong><\/p>\n<\/li>\n<li data-start=\"810\" data-end=\"860\">\n<p data-start=\"812\" data-end=\"860\"><strong data-start=\"812\" data-end=\"858\">Verstopfte Abfl\u00fcsse, Toiletten oder Kan\u00e4le<\/strong><\/p>\n<\/li>\n<li data-start=\"861\" data-end=\"906\">\n<p data-start=\"863\" data-end=\"906\"><strong data-start=\"863\" data-end=\"904\">Defekte Thermen oder Warmwasserboiler<\/strong><\/p>\n<\/li>\n<\/ul>\n<p data-start=\"908\" data-end=\"1124\">Wir arbeiten mit modernster Diagnosetechnik, um schnell Klarheit zu schaffen. Dabei behalten wir nicht nur den technischen Aspekt im Blick, sondern auch <strong data-start=\"1061\" data-end=\"1080\">Ihre Sicherheit<\/strong> \u2013 vor allem bei Gas- und Heizungsproblemen.<\/p>\n<p>\t\t\t\t\t<a href=\"tel:+43%201%204420408\"><br \/>\n\t\t\t\t\t\t\t\t\t+43 1 4420408<br \/>\n\t\t\t\t\t<\/a><br \/>\n\t\t\t\t\t\t\t\t\t\t\t\t\t\t\t<img loading=\"lazy\" decoding=\"async\" width=\"44\" height=\"44\" src=\"https:\/\/xn--gasgerte-kundendienst-b2b.at\/wp-content\/uploads\/2025\/06\/image-94.png\" alt=\"\" \/><br \/>\n\t\t\t<meta itemprop=\"worstRating\" content=\"0\"><br \/>\n\t\t\t<meta itemprop=\"bestRating\" content=\"5\"><br \/>\n\t\t\t\t\t<svg aria-hidden=\"true\" viewBox=\"0 0 1000 1000\" xmlns=\"http:\/\/www.w3.org\/2000\/svg\"><path d=\"M450 75L338 312 88 350C46 354 25 417 58 450L238 633 196 896C188 942 238 975 275 954L500 837 725 954C767 975 813 942 804 896L763 633 942 450C975 417 954 358 913 350L663 312 550 75C529 33 471 33 450 75Z\"><\/path><\/svg><br \/>\n\t\t\t\t\t<svg aria-hidden=\"true\" viewBox=\"0 0 1000 1000\" xmlns=\"http:\/\/www.w3.org\/2000\/svg\"><path d=\"M450 75L338 312 88 350C46 354 25 417 58 450L238 633 196 896C188 942 238 975 275 954L500 837 725 954C767 975 813 942 804 896L763 633 942 450C975 417 954 358 913 350L663 312 550 75C529 33 471 33 450 75Z\"><\/path><\/svg><br \/>\n\t\t\t\t\t<svg aria-hidden=\"true\" viewBox=\"0 0 1000 1000\" xmlns=\"http:\/\/www.w3.org\/2000\/svg\"><path d=\"M450 75L338 312 88 350C46 354 25 417 58 450L238 633 196 896C188 942 238 975 275 954L500 837 725 954C767 975 813 942 804 896L763 633 942 450C975 417 954 358 913 350L663 312 550 75C529 33 471 33 450 75Z\"><\/path><\/svg><br \/>\n\t\t\t\t\t<svg aria-hidden=\"true\" viewBox=\"0 0 1000 1000\" xmlns=\"http:\/\/www.w3.org\/2000\/svg\"><path d=\"M450 75L338 312 88 350C46 354 25 417 58 450L238 633 196 896C188 942 238 975 275 954L500 837 725 954C767 975 813 942 804 896L763 633 942 450C975 417 954 358 913 350L663 312 550 75C529 33 471 33 450 75Z\"><\/path><\/svg><br \/>\n\t\t\t\t\t<svg aria-hidden=\"true\" viewBox=\"0 0 1000 1000\" xmlns=\"http:\/\/www.w3.org\/2000\/svg\"><path d=\"M450 75L338 312 88 350C46 354 25 417 58 450L238 633 196 896C188 942 238 975 275 954L500 837 725 954C767 975 813 942 804 896L763 633 942 450C975 417 954 358 913 350L663 312 550 75C529 33 471 33 450 75Z\"><\/path><\/svg><br \/>\n\t\t\t\t\t<svg aria-hidden=\"true\" viewBox=\"0 0 1000 1000\" xmlns=\"http:\/\/www.w3.org\/2000\/svg\"><path d=\"M450 75L338 312 88 350C46 354 25 417 58 450L238 633 196 896C188 942 238 975 275 954L500 837 725 954C767 975 813 942 804 896L763 633 942 450C975 417 954 358 913 350L663 312 550 75C529 33 471 33 450 75Z\"><\/path><\/svg><br \/>\n\t\t\t\t\t<svg aria-hidden=\"true\" viewBox=\"0 0 1000 1000\" xmlns=\"http:\/\/www.w3.org\/2000\/svg\"><path d=\"M450 75L338 312 88 350C46 354 25 417 58 450L238 633 196 896C188 942 238 975 275 954L500 837 725 954C767 975 813 942 804 896L763 633 942 450C975 417 954 358 913 350L663 312 550 75C529 33 471 33 450 75Z\"><\/path><\/svg><br \/>\n\t\t\t\t\t<svg aria-hidden=\"true\" viewBox=\"0 0 1000 1000\" xmlns=\"http:\/\/www.w3.org\/2000\/svg\"><path d=\"M450 75L338 312 88 350C46 354 25 417 58 450L238 633 196 896C188 942 238 975 275 954L500 837 725 954C767 975 813 942 804 896L763 633 942 450C975 417 954 358 913 350L663 312 550 75C529 33 471 33 450 75Z\"><\/path><\/svg><br \/>\n\t\t\t\t\t<svg aria-hidden=\"true\" viewBox=\"0 0 1000 1000\" xmlns=\"http:\/\/www.w3.org\/2000\/svg\"><path d=\"M450 75L338 312 88 350C46 354 25 417 58 450L238 633 196 896C188 942 238 975 275 954L500 837 725 954C767 975 813 942 804 896L763 633 942 450C975 417 954 358 913 350L663 312 550 75C529 33 471 33 450 75Z\"><\/path><\/svg><br \/>\n\t\t\t\t\t<svg aria-hidden=\"true\" viewBox=\"0 0 1000 1000\" xmlns=\"http:\/\/www.w3.org\/2000\/svg\"><path d=\"M450 75L338 312 88 350C46 354 25 417 58 450L238 633 196 896C188 942 238 975 275 954L500 837 725 954C767 975 813 942 804 896L763 633 942 450C975 417 954 358 913 350L663 312 550 75C529 33 471 33 450 75Z\"><\/path><\/svg><br \/>\n\t\t\t\t\t4.9 Google Ranking<br \/>\n\t\t\t\t\t\t\t\t\t\t\t\t\t\t\t<img loading=\"lazy\" decoding=\"async\" width=\"1024\" height=\"682\" src=\"https:\/\/xn--gasgerte-kundendienst-b2b.at\/wp-content\/uploads\/2025\/12\/WhatsApp-Image-2025-12-23-at-10.32.25-PM-1024x682.jpeg\" alt=\"\" srcset=\"https:\/\/xn--gasgerte-kundendienst-b2b.at\/wp-content\/uploads\/2025\/12\/WhatsApp-Image-2025-12-23-at-10.32.25-PM-1024x682.jpeg 1024w, https:\/\/xn--gasgerte-kundendienst-b2b.at\/wp-content\/uploads\/2025\/12\/WhatsApp-Image-2025-12-23-at-10.32.25-PM-300x200.jpeg 300w, https:\/\/xn--gasgerte-kundendienst-b2b.at\/wp-content\/uploads\/2025\/12\/WhatsApp-Image-2025-12-23-at-10.32.25-PM-768x512.jpeg 768w, https:\/\/xn--gasgerte-kundendienst-b2b.at\/wp-content\/uploads\/2025\/12\/WhatsApp-Image-2025-12-23-at-10.32.25-PM-600x400.jpeg 600w, https:\/\/xn--gasgerte-kundendienst-b2b.at\/wp-content\/uploads\/2025\/12\/WhatsApp-Image-2025-12-23-at-10.32.25-PM-150x100.jpeg 150w, https:\/\/xn--gasgerte-kundendienst-b2b.at\/wp-content\/uploads\/2025\/12\/WhatsApp-Image-2025-12-23-at-10.32.25-PM.jpeg 1280w\" sizes=\"auto, (max-width: 1024px) 100vw, 1024px\" \/><br \/>\n\t\t\t\t\tEffizienz &amp; Sicherheit\t\t\t\t<\/p>\n<h2>Unsere Leistungen im \u00dcberblick<br \/>\n<\/h2>\n<p data-start=\"1332\" data-end=\"1533\">Als zertifizierter Installateurbetrieb bietet Gasger\u00e4te Kundendienst nicht nur Soforthilfe, sondern auch umfassende Leistungen \u2013 pr\u00e4zise, sicher und nachhaltig. Unsere Experten decken alle relevanten Bereiche ab:<\/p>\n<p data-start=\"1535\" data-end=\"1936\">\ud83d\udd27 <strong data-start=\"1538\" data-end=\"1574\">Rohrbruchbehebung und Leckortung<\/strong><br data-start=\"1574\" data-end=\"1577\" \/>\ud83d\udd25 <strong data-start=\"1580\" data-end=\"1676\">Thermenwartung, Reparatur und Notfallservice f\u00fcr alle Marken (Vaillant, Junkers, Baxi, etc.)<\/strong><br data-start=\"1676\" data-end=\"1679\" \/>\ud83d\udca8 <strong data-start=\"1682\" data-end=\"1728\">Gasger\u00e4te\u00fcberpr\u00fcfung und Dichtheitspr\u00fcfung<\/strong><br data-start=\"1728\" data-end=\"1731\" \/>\ud83d\udebd <strong data-start=\"1734\" data-end=\"1792\">Abflussreinigung, Rohrsanierung und Kamerauntersuchung<\/strong><br data-start=\"1792\" data-end=\"1795\" \/>\ud83d\udec1 <strong data-start=\"1798\" data-end=\"1873\">Sanit\u00e4rinstallationen und Reparaturen (Waschbecken, Duschen, Toiletten)<\/strong><br data-start=\"1873\" data-end=\"1876\" \/>\ud83c\udf21\ufe0f <strong data-start=\"1880\" data-end=\"1934\">Heizungswartung und Notdienst f\u00fcr Zentralheizungen<\/strong><\/p>\n<p data-start=\"1938\" data-end=\"2124\">Unsere Teams bestehen aus <strong data-start=\"1964\" data-end=\"2002\">staatlich gepr\u00fcften Installateuren<\/strong>, die regelm\u00e4\u00dfig weitergebildet werden. So garantieren wir nicht nur schnelle Hilfe, sondern auch <strong data-start=\"2100\" data-end=\"2123\">dauerhafte L\u00f6sungen<\/strong>.<\/p>\n<p>\t\t\t\t\t<a href=\"tel:+43%201%204420408\"><br \/>\n\t\t\t\t\t\t\t\t\t+43 1 4420408<br \/>\n\t\t\t\t\t<\/a><\/p>\n<h2>\ud83d\ude90 Installateur Notdienst in Ihrer N\u00e4he? Gasger\u00e4te Kundendienst kommt sofort!<br \/>\n<\/h2>\n<article dir=\"auto\" data-testid=\"conversation-turn-27\" data-scroll-anchor=\"true\">\n<p style=\"text-align: center;\" data-start=\"2909\" data-end=\"3041\">\ud83d\udccd <strong data-start=\"2985\" data-end=\"3041\">Jetzt anrufen und unverbindlich Verf\u00fcgbarkeit pr\u00fcfen<\/strong><\/p>\n<\/article>\n<p>\t\t\t\t\t<a href=\"tel:+43%201%204420408\"><br \/>\n\t\t\t\t\t\t\t\t\t+43 1 4420408<br \/>\n\t\t\t\t\t<\/a><br \/>\n\t\t\t\t\t<a href=\"tel:+43%201%204420408\"><br \/>\n\t\t\t\t<svg aria-hidden=\"true\" viewBox=\"0 0 384 512\" xmlns=\"http:\/\/www.w3.org\/2000\/svg\"><path d=\"M288 248v28c0 6.6-5.4 12-12 12H108c-6.6 0-12-5.4-12-12v-28c0-6.6 5.4-12 12-12h168c6.6 0 12 5.4 12 12zm-12 72H108c-6.6 0-12 5.4-12 12v28c0 6.6 5.4 12 12 12h168c6.6 0 12-5.4 12-12v-28c0-6.6-5.4-12-12-12zm108-188.1V464c0 26.5-21.5 48-48 48H48c-26.5 0-48-21.5-48-48V48C0 21.5 21.5 0 48 0h204.1C264.8 0 277 5.1 286 14.1L369.9 98c9 8.9 14.1 21.2 14.1 33.9zm-128-80V128h76.1L256 51.9zM336 464V176H232c-13.3 0-24-10.7-24-24V48H48v416h288z\"><\/path><\/svg><br \/>\n\t\t\t\t\t\t\t\t\tKontakt<br \/>\n\t\t\t\t\t<\/a><\/p>\n","protected":false},"excerpt":{"rendered":"Notdienst Installateur in Wien \u2013 Gasger\u00e4te Kundendienst ist 24\/7 f\u00fcr Sie da Ob pl\u00f6tzlicher Wasserrohrbruch, undichte Gasleitung oder ausgefallene Heizung \u2013 Gasger\u00e4te Kundendienst\u00a0ist Ihr zuverl\u00e4ssiger Installateur-Notdienst in Wien, Nieder\u00f6sterreich und dem Burgenland. Wir sind rund um die Uhr erreichbar \u2013 auch an Wochenenden und Feiertagen, mit schneller Reaktionszeit und transparenten Preisen. +43 1 4420408 140K+ [&hellip;]","protected":false},"author":1,"featured_media":0,"parent":0,"menu_order":0,"comment_status":"closed","ping_status":"closed","template":"elementor_header_footer","meta":{"footnotes":""},"class_list":["post-1812","page","type-page","status-publish","hentry"],"_links":{"self":[{"href":"https:\/\/xn--gasgerte-kundendienst-b2b.at\/index.php?rest_route=\/wp\/v2\/pages\/1812","targetHints":{"allow":["GET"]}}],"collection":[{"href":"https:\/\/xn--gasgerte-kundendienst-b2b.at\/index.php?rest_route=\/wp\/v2\/pages"}],"about":[{"href":"https:\/\/xn--gasgerte-kundendienst-b2b.at\/index.php?rest_route=\/wp\/v2\/types\/page"}],"author":[{"embeddable":true,"href":"https:\/\/xn--gasgerte-kundendienst-b2b.at\/index.php?rest_route=\/wp\/v2\/users\/1"}],"replies":[{"embeddable":true,"href":"https:\/\/xn--gasgerte-kundendienst-b2b.at\/index.php?rest_route=%2Fwp%2Fv2%2Fcomments&post=1812"}],"version-history":[{"count":23,"href":"https:\/\/xn--gasgerte-kundendienst-b2b.at\/index.php?rest_route=\/wp\/v2\/pages\/1812\/revisions"}],"predecessor-version":[{"id":2376,"href":"https:\/\/xn--gasgerte-kundendienst-b2b.at\/index.php?rest_route=\/wp\/v2\/pages\/1812\/revisions\/2376"}],"wp:attachment":[{"href":"https:\/\/xn--gasgerte-kundendienst-b2b.at\/index.php?rest_route=%2Fwp%2Fv2%2Fmedia&parent=1812"}],"curies":[{"name":"wp","href":"https:\/\/api.w.org\/{rel}","templated":true}]}}